?
5
What is the millions digit of 24162863?
4
What is the thousands digit of 154460?
4
What is the units digit of 21016479?
9
What is the ten thousands digit of 940752?
4
What is the hundreds digit of 470023?
0
What is the millions digit of 1305630?
1
What is the tens digit of 159981?
8
What is the hundred thousands digit of 8353196?
3
What is the hundred thousands digit of 3064023?
0
What is the tens digit of 955245?
4
What is the tens digit of 471597?
9
What is the thousands digit of 6903986?
3
What is the hundred thousands digit of 26325037?
3
What is the units digit of 5530362?
2
What is the hundred thousands digit of 1860876?
8
What is the ten thousands digit of 6146152?
4
What is the thousands digit of 4187812?
7
What is the thousands digit of 870123?
0
What is the ten thousands digit of 361782?
6
What is the tens digit of 274403?
0
What is the tens digit of 575847?
4
What is the thousands digit of 4524098?
4
What is the ten thousands digit of 34567386?
6
What is the ten thousands digit of 2796572?
9
What is the hundreds digit of 11284?
2
What is the thousands digit of 119759?
9
What is the hundreds digit of 2196661?
6
What is the ten thousands digit of 933837?
3
What is the ten thousands digit of 1059423?
5
What is the tens digit of 294133?
3
What is the hundred thousands digit of 607105?
6
What is the units digit of 733861?
1
What is the millions digit of 10786425?
0
What is the thousands digit of 1606512?
6
What is the hundreds digit of 50081?
0
What is the units digit of 128130?
0
What is the hundreds digit of 736918?
9
What is the units digit of 209170?
0
What is the units digit of 771068?
8
What is the units digit of 1141567?
7
What is the thousands digit of 19767126?
7
What is the units digit of 8655217?
7
What is the thousands digit of 166584?
6
What is the tens digit of 615776?
7
What is the hundred thousands digit of 942982?
9
What is the ten thousands digit of 138760?
3
What is the millions digit of 9576039?
9
What is the thousands digit of 243695?
3
What is the thousands digit of 55675?
5
What is the tens digit of 3169159?
5
What is the thousands digit of 811732?
1
What is the thousands digit of 9038?
9
What is the units digit of 5881?
1
What is the hundred thousands digit of 212798?
2
What is the hundreds digit of 2441662?
6
What is the units digit of 1989418?
8
What is the thousands digit of 2575897?
5
What is the hundreds digit of 51321?
3
What is the hundreds digit of 129842?
8
What is the thousands digit of 439447?
9
What is the millions digit of 1051573?
1
What is the units digit of 262636?
6
What is the hundreds digit of 1424322?
3
What is the thousands digit of 2087804?
7
What is the hundred thousands digit of 1169368?
1
What is the thousands digit of 611199?
1
What is the hundreds digit of 3699252?
2
What is the thousands digit of 3577040?
7
What is the hundreds digit of 162399?
3
What is the millions digit of 3419171?
3
What is the units digit of 776245?
5
What is the ten thousands digit of 11443532?
4
What is the thousands digit of 272872?
2
What is the hundreds digit of 2720540?
5
What is the tens digit of 511931?
3
What is the hundreds digit of 5722226?
2
What is the thousands digit of 56099?
6
What is the tens digit of 589644?
4
What is the thousands digit of 5079357?
9
What is the thousands digit of 304335?
4
What is the tens digit of 460066?
6
What is the ten thousands digit of 11109045?
0
What is the ten thousands digit of 553008?
5
What is the tens digit of 1871910?
1
What is the hundred thousands digit of 569478?
5
What is the hundred thousands digit of 332227?
3
What is the millions digit of 1539805?
1
What is the thousands digit of 215686?
5
What is the thousands digit of 45268?
5
What is the tens digit of 373260?
6
What is the units digit of 1720596?
6
What is the thousands digit of 13537746?
7
What is the hundreds digit of 1662427?
4
What is the ten thousands digit of 278297?
7
What is the thousands digit of 587363?
7
What is the millions digit of 1961672?
1
What is the ten thousands digit of 752306?
5
What is the millions digit of 1878241?
1
What is the millions digit of 7941121?
7
What is the thousands digit of 7561170?
1
What is the millions digit of 1078230?
1
What is the hundreds digit of 803842?
8
What is the ten thousands digit of 443727?
4
What is the ten millions digit of 13895334?
1
What is the hundreds digit of 3145317?
3
What is the hundred thousands digit of 6423048?
4
What is the hundred thousands digit of 693641?
6
What is the thousands digit of 27088?
7
What is the hundreds digit of 12327857?
8
What is the hundred thousands digit of 18051984?
0
What is the ten thousands digit of 2990315?
9
What is the thousands digit of 884889?
4
What is the thousands digit of 5252495?
2
What is the thousands digit of 1168098?
8
What is the tens digit of 4565864?
6
What is the hundred thousands digit of 486640?
4
What is the hundreds digit of 5946507?
5
What is the thousands digit of 2507705?
7
What is the tens digit of 482735?
3
What is the tens digit of 355372?
7
What is the units digit of 4661333?
3
What is the hundreds digit of 2184968?
9
What is the thousands digit of 2127451?
7
What is the ten thousands digit of 9090305?
9
What is the tens digit of 132826?
2
What is the hundreds digit of 1832424?
4
What is the hundred thousands digit of 107712?
1
What is the tens digit of 170619?
1
What is the units digit of 108013?
3
What is the thousands digit of 1183722?
3
What is the tens digit of 25378326?
2
What is the hundred thousands digit of 1146101?
1
What is the hundred thousands digit of 391853?
3
What is the ten thousands digit of 48975?
4
What is the millions digit of 7521504?
7
What is the hundred thousands digit of 230902?
2
What is the units digit of 132209?
9
What is the hundred thousands digit of 14276156?
2
What is the units digit of 1067152?
2
What is the units digit of 115162?
2
What is the units digit of 1162499?
9
What is the tens digit of 316376?
7
What is the ten thousands digit of 1294148?
9
What is the units digit of 205244?
4
What is the hundreds digit of 700892?
8
What is the tens digit of 8693639?
3
What is the ten thousands digit of 50918?
5
What is the hundreds digit of 10628967?
9
What is the tens digit of 62851?
5
What is the hundred thousands digit of 10310373?
3
What is the ten thousands digit of 2679738?
7
What is the thousands digit of 1629352?
9
What is the tens digit of 67624?
2
What is the hundred thousands digit of 650148?
6
What is the hundreds digit of 1257214?
2
What is the thousands digit of 11481910?
1
What is the ten thousands digit of 22022765?
2
What is the hundred thousands digit of 26992229?
9
What is the millions digit of 1578700?
1
What is the units digit of 2912368?
8
What is the ten thousands digit of 171488?
7
What is the thousands digit of 60150?
0
What is the units digit of 7932126?
6
What is the units digit of 191829?
9
What is the thousands digit of 596784?
6
What is the tens digit of 2445043?
4
What is the hundred thousands digit of 168290?
1
What is the millions digit of 1172547?
1
What is the hundreds digit of 70142?
1
What is the hundred thousands digit of 24252298?
2
What is the thousands digit of 91293?
1
What is the units digit of 256135?
5
What is the hundreds digit of 4977936?
9
What is the thousands digit of 155898?
5
What is the ten thousands digit of 2793080?
9
What is the hundred thousands digit of 4761374?
7
What is the hundreds digit of 20566474?
4
What is the units digit of 5606921?
1
What is the units digit of 876163?
3
What is the hundreds digit of 53749?
7
What is the tens digit of 250657?
5
What is the units digit of 359271?
1
What is the hundred thousands digit of 278307?
2
What is the units digit of 245372?
2
What is the tens digit of 952917?
1
What is the hundreds digit of 369542?
5
What is the hundred thousands digit of 571841?
5
What is the thousands digit of 339202?
9
What is the hundred thousands digit of 1092628?
0
What is the tens digit of 378691?
9
What is the hundreds digit of 252188?
1
What is the thousands digit of 300429?
0
What is the millions digit of 1861724?
1
What is the thousands digit of 13389939?
9
What is the units digit of 12746209?
9
What is the units digit of 1261833?
3
What is the hundreds digit of 721